{"id":132,"date":"2024-07-04T02:30:33","date_gmt":"2024-07-04T00:30:33","guid":{"rendered":"https:\/\/balisense.fr\/?page_id=132"},"modified":"2025-03-09T10:48:59","modified_gmt":"2025-03-09T09:48:59","slug":"a-propos","status":"publish","type":"page","link":"https:\/\/balisense.fr\/index.php\/a-propos\/","title":{"rendered":"\u00c0 Propos"},"content":{"rendered":"\n<div class=\"wp-block-cover alignfull is-light\" style=\"padding-top:2%;min-height:30rem;aspect-ratio:unset;\"><span aria-hidden=\"true\" class=\"wp-block-cover__background has-background-dim-0 has-background-dim\"><\/span><img loading=\"lazy\" decoding=\"async\" width=\"1280\" height=\"854\" class=\"wp-block-cover__image-background wp-image-291\" alt=\"\" src=\"https:\/\/balisense.fr\/wp-content\/uploads\/2024\/07\/spa-5382250_1280-1.jpg\" style=\"object-position:52% 47%\" data-object-fit=\"cover\" data-object-position=\"52% 47%\" srcset=\"https:\/\/balisense.fr\/wp-content\/uploads\/2024\/07\/spa-5382250_1280-1.jpg 1280w, https:\/\/balisense.fr\/wp-content\/uploads\/2024\/07\/spa-5382250_1280-1-300x200.jpg 300w, https:\/\/balisense.fr\/wp-content\/uploads\/2024\/07\/spa-5382250_1280-1-1024x683.jpg 1024w, https:\/\/balisense.fr\/wp-content\/uploads\/2024\/07\/spa-5382250_1280-1-768x512.jpg 768w\" sizes=\"auto, (max-width: 1280px) 100vw, 1280px\" \/><div class=\"wp-block-cover__inner-container has-global-padding is-layout-constrained wp-container-core-cover-is-layout-4079081d wp-block-cover-is-layout-constrained\">\n<div class=\"wp-block-group alignwide is-vertical is-content-justification-center is-layout-flex wp-container-core-group-is-layout-5e763914 wp-block-group-is-layout-flex\" style=\"min-height:8rem\">\n<div class=\"wp-block-group has-global-padding is-layout-constrained wp-container-core-group-is-layout-bea02a06 wp-block-group-is-layout-constrained\">\n<h2 class=\"wp-block-heading has-text-align-center has-text-color has-cinzel-decorative-font-family\" style=\"color:#615005;margin-top:0rem;margin-bottom:1.01rem;font-size:clamp(28.836px, 1.802rem + ((1vw - 3.2px) * 2.405), 50px);font-style:normal;font-weight:700;line-height:1;text-transform:none\"><br>D\u00e9couvrir le massage Indon\u00e9sien<\/h2>\n<\/div>\n<\/div>\n<\/div><\/div>\n\n\n\n<section class=\"wp-block-group alignfull has-text-color has-background has-global-padding is-layout-constrained wp-container-core-group-is-layout-4252d6ba wp-block-group-is-layout-constrained\" style=\"color:#03081e;background-color:#fefdf2;margin-top:0px;padding-top:6.51rem;padding-right:1rem;padding-bottom:5.5rem;padding-left:1rem;font-size:clamp(0.875rem, 0.875rem + ((1vw - 0.2rem) * 0.464), 1.13rem);font-style:normal;font-weight:400;line-height:1.4\">\n<div class=\"wp-block-columns is-layout-flex wp-container-core-columns-is-layout-db2df21c wp-block-columns-is-layout-flex\" style=\"margin-bottom:0px\">\n<div class=\"wp-block-column has-global-padding is-content-justification-left is-layout-constrained wp-container-core-column-is-layout-12dd3699 wp-block-column-is-layout-constrained\" style=\"flex-basis:45%\">\n<figure class=\"wp-block-image aligncenter size-full is-resized has-custom-border is-style-rounded\"><img loading=\"lazy\" decoding=\"async\" width=\"1707\" height=\"2560\" src=\"https:\/\/balisense.fr\/wp-content\/uploads\/2025\/03\/DSCF7859-scaled.jpg\" alt=\"\" class=\"wp-image-343\" style=\"border-radius:30px;width:340px;height:auto\" srcset=\"https:\/\/balisense.fr\/wp-content\/uploads\/2025\/03\/DSCF7859-scaled.jpg 1707w, https:\/\/balisense.fr\/wp-content\/uploads\/2025\/03\/DSCF7859-200x300.jpg 200w, https:\/\/balisense.fr\/wp-content\/uploads\/2025\/03\/DSCF7859-683x1024.jpg 683w, https:\/\/balisense.fr\/wp-content\/uploads\/2025\/03\/DSCF7859-768x1152.jpg 768w, https:\/\/balisense.fr\/wp-content\/uploads\/2025\/03\/DSCF7859-1024x1536.jpg 1024w, https:\/\/balisense.fr\/wp-content\/uploads\/2025\/03\/DSCF7859-1365x2048.jpg 1365w\" sizes=\"auto, (max-width: 1707px) 100vw, 1707px\" \/><\/figure>\n<\/div>\n\n\n\n<div class=\"wp-block-column is-layout-flow wp-block-column-is-layout-flow\">\n<div class=\"wp-block-group is-vertical is-content-justification-left is-layout-flex wp-container-core-group-is-layout-c5d44cae wp-block-group-is-layout-flex\" style=\"min-height:100%\">\n<div class=\"wp-block-group has-global-padding is-content-justification-center is-layout-constrained wp-container-core-group-is-layout-b15c80d6 wp-block-group-is-layout-constrained\">\n<h3 class=\"wp-block-heading has-text-align-center has-text-color has-cinzel-decorative-font-family\" style=\"color:#372915;margin-top:0.5rem;margin-bottom:1.01rem;font-size:clamp(1.556rem, 1.556rem + ((1vw - 0.2rem) * 1.916), 2.61rem);font-style:normal;font-weight:400;letter-spacing:0px;line-height:1.3;text-transform:capitalize\"><strong>\u00c0 Propos<\/strong><\/h3>\n\n\n\n<p class=\"has-text-align-center has-text-color\" style=\"color:#03081e;margin-top:0rem;font-size:clamp(0.984rem, 0.984rem + ((1vw - 0.2rem) * 0.938), 1.5rem);font-style:normal;font-weight:400;line-height:1.6\">Je m\u2019appelle Veridiana, je viens d\u2019une petite ville du centre de Java appel\u00e9e Solo (Surakarta Hadiningrat), au c\u0153ur de la culture javanaise. Je suis n\u00e9e et j\u2019ai grandi \u00e0 Solo m\u2019a permis d\u2019\u00eatre t\u00e9moin du mode de vie traditionnel et de la culture distingu\u00e9e de cette ville patrimoniale. Les Javanais se font masser r\u00e9guli\u00e8rement tous les mois, ce n&rsquo;est pas un traitement de luxe pour nous et j&rsquo;essaie de vous pr\u00e9senter le massage indon\u00e9sien original sans le prix \u00e9lev\u00e9. Parce que nous m\u00e9ritons tous une petite \u00e9vasion pour recharger notre bien-\u00eatre. <\/p>\n<\/div>\n<\/div>\n<\/div>\n<\/div>\n<\/section>\n\n\n\n<section class=\"wp-block-cover alignfull is-light\" style=\"margin-top:0px;padding-bottom:13.51rem;min-height:620px;aspect-ratio:unset;\"><span aria-hidden=\"true\" class=\"wp-block-cover__background has-background-dim\" style=\"background-color:#ead08e\"><\/span><img loading=\"lazy\" decoding=\"async\" width=\"2560\" height=\"1920\" class=\"wp-block-cover__image-background wp-image-335\" alt=\"\" src=\"https:\/\/balisense.fr\/wp-content\/uploads\/2025\/03\/IMG_20250228_182548-scaled.jpg\" style=\"object-position:51% 68%\" data-object-fit=\"cover\" data-object-position=\"51% 68%\" srcset=\"https:\/\/balisense.fr\/wp-content\/uploads\/2025\/03\/IMG_20250228_182548-scaled.jpg 2560w, https:\/\/balisense.fr\/wp-content\/uploads\/2025\/03\/IMG_20250228_182548-300x225.jpg 300w, https:\/\/balisense.fr\/wp-content\/uploads\/2025\/03\/IMG_20250228_182548-1024x768.jpg 1024w, https:\/\/balisense.fr\/wp-content\/uploads\/2025\/03\/IMG_20250228_182548-768x576.jpg 768w, https:\/\/balisense.fr\/wp-content\/uploads\/2025\/03\/IMG_20250228_182548-1536x1152.jpg 1536w, https:\/\/balisense.fr\/wp-content\/uploads\/2025\/03\/IMG_20250228_182548-2048x1536.jpg 2048w\" sizes=\"auto, (max-width: 2560px) 100vw, 2560px\" \/><div class=\"wp-block-cover__inner-container has-global-padding is-layout-constrained wp-container-core-cover-is-layout-e4a51772 wp-block-cover-is-layout-constrained\">\n<div class=\"wp-block-group alignfull has-text-color has-global-padding is-layout-constrained wp-container-core-group-is-layout-6f61d7e7 wp-block-group-is-layout-constrained\" style=\"color:#252525;margin-top:0px;padding-top:0rem;padding-right:1rem;padding-bottom:0rem;padding-left:1rem;font-size:clamp(0.875rem, 0.875rem + ((1vw - 0.2rem) * 0.464), 1.13rem);font-style:normal;font-weight:400;line-height:1.4\">\n<div class=\"wp-block-group is-vertical is-content-justification-center is-layout-flex wp-container-core-group-is-layout-b6c1f246 wp-block-group-is-layout-flex\">\n<div class=\"wp-block-group has-global-padding is-layout-constrained wp-container-core-group-is-layout-a099c240 wp-block-group-is-layout-constrained\">\n<h2 class=\"wp-block-heading has-text-align-center has-text-color has-cinzel-decorative-font-family\" style=\"color:#372915;margin-bottom:1.11rem;font-size:clamp(1.556rem, 1.556rem + ((1vw - 0.2rem) * 1.916), 2.61rem);font-style:normal;font-weight:400;line-height:1.2;text-transform:capitalize\"><strong>Contactez-nous<\/strong><\/h2>\n\n\n\n<p class=\"has-text-align-center has-text-color has-cinzel-decorative-font-family\" style=\"color:#03081e;margin-top:0rem;font-size:clamp(0.929rem, 0.929rem + ((1vw - 0.2rem) * 0.856), 1.4rem);font-style:normal;font-weight:400;line-height:1.6\"><br><strong>Contactez-nous d\u00e8s aujourd&rsquo;hui pour un moment de d\u00e9tente<\/strong><\/p>\n\n\n\n<div class=\"wp-block-group is-vertical is-content-justification-stretch is-layout-flex wp-container-core-group-is-layout-be82aac6 wp-block-group-is-layout-flex\" style=\"margin-top:0rem;padding-right:0px;padding-left:0px\">\n<div class=\"wp-block-group has-global-padding is-content-justification-center is-layout-constrained wp-container-core-group-is-layout-0638dde4 wp-block-group-is-layout-constrained\" style=\"margin-top:0px\">\n<div class=\"wp-block-buttons is-horizontal is-content-justification-right is-layout-flex wp-container-core-buttons-is-layout-1b0e492f wp-block-buttons-is-layout-flex\" style=\"margin-top:2.21rem\">\n<div class=\"wp-block-button has-custom-width wp-block-button__width-100 has-custom-font-size is-style-fill has-work-sans-regular-font-family\" style=\"font-size:clamp(0.875rem, 0.875rem + ((1vw - 0.2rem) * 0.609), 1.21rem);font-style:normal;font-weight:400;line-height:1;text-transform:capitalize\"><a class=\"wp-block-button__link has-text-color has-background has-border-color wp-element-button\" href=\"https:\/\/balisense.fr\/index.php\/contact\/\" style=\"border-color:#041d55;border-style:solid;border-width:1px;border-radius:2.5rem;color:#372915;background-color:#fff6ea;padding-top:1.1rem;padding-right:0.81rem;padding-bottom:1.1rem;padding-left:0.81rem\">Contactez-nous<\/a><\/div>\n<\/div>\n<\/div>\n<\/div>\n<\/div>\n<\/div>\n<\/div>\n<\/div><\/section>\n\n\n\n<p><\/p>\n","protected":false},"excerpt":{"rendered":"<p>\u00c0 Propos Je m\u2019appelle Veridiana, je viens d\u2019une petite ville du centre de Java appel\u00e9e Solo (Surakarta Hadiningrat), au c\u0153ur de la culture javanaise. Je suis n\u00e9e et j\u2019ai grandi \u00e0 Solo m\u2019a permis d\u2019\u00eatre t\u00e9moin du mode de vie traditionnel et de la culture distingu\u00e9e de cette ville patrimoniale. Les Javanais se font masser [&hellip;]<\/p>\n","protected":false},"author":1,"featured_media":0,"parent":0,"menu_order":0,"comment_status":"closed","ping_status":"closed","template":"","meta":{"footnotes":""},"class_list":["post-132","page","type-page","status-publish","hentry"],"_links":{"self":[{"href":"https:\/\/balisense.fr\/index.php\/wp-json\/wp\/v2\/pages\/132","targetHints":{"allow":["GET"]}}],"collection":[{"href":"https:\/\/balisense.fr\/index.php\/wp-json\/wp\/v2\/pages"}],"about":[{"href":"https:\/\/balisense.fr\/index.php\/wp-json\/wp\/v2\/types\/page"}],"author":[{"embeddable":true,"href":"https:\/\/balisense.fr\/index.php\/wp-json\/wp\/v2\/users\/1"}],"replies":[{"embeddable":true,"href":"https:\/\/balisense.fr\/index.php\/wp-json\/wp\/v2\/comments?post=132"}],"version-history":[{"count":16,"href":"https:\/\/balisense.fr\/index.php\/wp-json\/wp\/v2\/pages\/132\/revisions"}],"predecessor-version":[{"id":411,"href":"https:\/\/balisense.fr\/index.php\/wp-json\/wp\/v2\/pages\/132\/revisions\/411"}],"wp:attachment":[{"href":"https:\/\/balisense.fr\/index.php\/wp-json\/wp\/v2\/media?parent=132"}],"curies":[{"name":"wp","href":"https:\/\/api.w.org\/{rel}","templated":true}]}}